{"id":314,"date":"2024-07-23T21:46:04","date_gmt":"2024-07-23T21:46:04","guid":{"rendered":"https:\/\/mcg.com.do\/?page_id=314"},"modified":"2024-07-25T05:00:40","modified_gmt":"2024-07-25T05:00:40","slug":"practicas-de-manufactura","status":"publish","type":"page","link":"http:\/\/mcg.com.do\/index.php\/practicas-de-manufactura\/","title":{"rendered":"Pr\u00e1cticas de Manufactura"},"content":{"rendered":"<p>[et_pb_section fb_built=\"1&#8243; admin_label=\"Header\" _builder_version=\"4.26.1&#8243; use_background_color_gradient=\"on\" background_color_gradient_stops=\"#1d6960 1%|rgba(0,19,46,0.6) 100%\" background_color_gradient_overlays_image=\"on\" background_color_gradient_start=\"rgba(0,19,46,0.6)\" background_color_gradient_end=\"rgba(0,19,46,0.6)\" background_image=\"http:\/\/mcg.com.do\/wp-content\/uploads\/2024\/07\/BULDING-1920X643.png\" custom_padding=\"||||false|false\" locked=\"off\" global_colors_info=\"{}\"][et_pb_row _builder_version=\"4.16&#8243; global_colors_info=\"{}\"][et_pb_column type=\"4_4&#8243; _builder_version=\"4.16&#8243; global_colors_info=\"{}\"][et_pb_text _builder_version=\"4.26.1&#8243; header_font=\"&#8211;et_global_heading_font|700|||||||\" header_font_size=\"60px\" background_layout=\"dark\" custom_margin=\"||||false|false\" header_font_size_tablet=\"70px\" header_font_size_phone=\"41px\" header_font_size_last_edited=\"on|phone\" global_colors_info=\"{}\"]<\/p>\n<h1>Pr\u00e1cticas de Manufactura<\/h1>\n<p>[\/et_pb_text][\/et_pb_column][\/et_pb_row][\/et_pb_section][et_pb_section fb_built=\"1&#8243; admin_label=\"About\" _builder_version=\"4.16&#8243; global_colors_info=\"{}\"][et_pb_row _builder_version=\"4.16&#8243; global_colors_info=\"{}\"][et_pb_column type=\"4_4&#8243; _builder_version=\"4.16&#8243; global_colors_info=\"{}\"][et_pb_text _builder_version=\"4.26.1&#8243; text_font=\"Darker Grotesque|600|||||||\" text_font_size=\"18px\" text_line_height=\"1.4em\" global_colors_info=\"{}\"]<\/p>\n<p>MCG ha conformado un servicio de aseguramiento de las Buenas Pr\u00e1cticas de Manufactura mediante el cual apoya la mejora productiva y el cumplimiento regulatorio de las industrias que necesitan demostrar que sus procesos son capaces de satisfacer los m\u00e1s altos est\u00e1ndares de calidad, seguridad e inocuidad.<\/p>\n<p>[\/et_pb_text][\/et_pb_column][\/et_pb_row][\/et_pb_section][et_pb_section fb_built=\"1&#8243; admin_label=\"CTA\" _builder_version=\"4.27.0&#8243; background_color=\"#1D6960&#8243; background_image=\"http:\/\/mcg.com.do\/wp-content\/uploads\/2024\/07\/pp3.png\" hover_enabled=\"0&#8243; locked=\"off\" global_colors_info=\"{}\" title_text=\"pp3&#8243; sticky_enabled=\"0&#8243;][et_pb_row _builder_version=\"4.16&#8243; global_colors_info=\"{}\"][et_pb_column type=\"4_4&#8243; _builder_version=\"4.16&#8243; global_colors_info=\"{}\"][et_pb_text _builder_version=\"4.26.1&#8243; text_font=\"&#8211;et_global_heading_font||||||||\" header_font=\"&#8211;et_global_heading_font|600|||||||\" header_2_font=\"&#8211;et_global_heading_font||||||||\" header_2_font_size=\"60px\" header_3_font=\"&#8211;et_global_heading_font||||||||\" text_orientation=\"center\" background_layout=\"dark\" max_width=\"700px\" module_alignment=\"center\" header_2_font_size_tablet=\"42px\" header_2_font_size_phone=\"30px\" header_2_font_size_last_edited=\"on|phone\" locked=\"off\" global_colors_info=\"{}\"]<\/p>\n<h2>Nos encantar\u00eda ayudarte a potenciar tus capacidades competitivas<\/h2>\n<p>[\/et_pb_text][et_pb_button button_text=\"Comun\u00edcate con nosotros\" button_alignment=\"center\" _builder_version=\"4.27.0&#8243; custom_button=\"on\" button_text_color=\"#FFFFFF\" button_bg_color=\"#FF9425&#8243; button_border_width=\"3px\" button_border_color=\"#FF9425&#8243; button_border_radius=\"6px\" button_letter_spacing=\"2px\" button_font=\"Darker Grotesque|900||on|||||\" button_use_icon=\"off\" background_layout=\"dark\" custom_margin=\"50px||||false|false\" custom_padding=\"15px|40px|15px|40px|true|true\" hover_enabled=\"0&#8243; button_text_size_tablet=\"20px\" button_text_size_phone=\"16px\" button_text_size_last_edited=\"on|phone\" locked=\"off\" global_colors_info=\"{}\" button_url=\"http:\/\/mcg.com.do\/index.php\/contacto\/\" sticky_enabled=\"0&#8243;][\/et_pb_button][\/et_pb_column][\/et_pb_row][\/et_pb_section]<\/p>\n","protected":false},"excerpt":{"rendered":"<p>Pr\u00e1cticas de ManufacturaMCG ha conformado un servicio de aseguramiento de las Buenas Pr\u00e1cticas de Manufactura mediante el cual apoya la mejora productiva y el cumplimiento regulatorio de las industrias que necesitan demostrar que sus procesos son capaces de satisfacer los m\u00e1s altos est\u00e1ndares de calidad, seguridad e inocuidad.Nos encantar\u00eda ayudarte a potenciar tus capacidades competitivas<\/p>\n","protected":false},"author":1,"featured_media":0,"parent":0,"menu_order":0,"comment_status":"closed","ping_status":"closed","template":"","meta":{"_et_pb_use_builder":"on","_et_pb_old_content":"","_et_gb_content_width":"","footnotes":""},"class_list":["post-314","page","type-page","status-publish","hentry"],"_links":{"self":[{"href":"http:\/\/mcg.com.do\/index.php\/wp-json\/wp\/v2\/pages\/314","targetHints":{"allow":["GET"]}}],"collection":[{"href":"http:\/\/mcg.com.do\/index.php\/wp-json\/wp\/v2\/pages"}],"about":[{"href":"http:\/\/mcg.com.do\/index.php\/wp-json\/wp\/v2\/types\/page"}],"author":[{"embeddable":true,"href":"http:\/\/mcg.com.do\/index.php\/wp-json\/wp\/v2\/users\/1"}],"replies":[{"embeddable":true,"href":"http:\/\/mcg.com.do\/index.php\/wp-json\/wp\/v2\/comments?post=314"}],"version-history":[{"count":4,"href":"http:\/\/mcg.com.do\/index.php\/wp-json\/wp\/v2\/pages\/314\/revisions"}],"predecessor-version":[{"id":481,"href":"http:\/\/mcg.com.do\/index.php\/wp-json\/wp\/v2\/pages\/314\/revisions\/481"}],"wp:attachment":[{"href":"http:\/\/mcg.com.do\/index.php\/wp-json\/wp\/v2\/media?parent=314"}],"curies":[{"name":"wp","href":"https:\/\/api.w.org\/{rel}","templated":true}]}}